?
9
What is the greatest common factor of 28 and 4787573?
7
Calculate the highest common divisor of 2063 and 39240323.
2063
What is the greatest common divisor of 18504 and 5824512?
72
What is the greatest common divisor of 5112678 and 5094?
1698
What is the greatest common divisor of 44 and 1583812?
4
What is the highest common divisor of 94 and 212822768?
94
What is the greatest common factor of 447 and 35151?
3
What is the highest common divisor of 266007 and 32504?
239
Calculate the greatest common factor of 37699081 and 3794.
1897
What is the highest common divisor of 2394 and 12540969?
1197
Calculate the highest common factor of 515933 and 10769.
979
Calculate the greatest common divisor of 29839 and 3869.
53
What is the greatest common factor of 113 and 2845905339?
113
Calculate the highest common divisor of 90 and 54527004.
18
What is the greatest common factor of 70275820 and 1793?
163
Calculate the highest common factor of 1637615 and 48107.
659
Calculate the greatest common divisor of 843713449 and 817.
817
What is the greatest common factor of 28080 and 46124910?
3510
What is the highest common factor of 8831507 and 436?
109
What is the highest common divisor of 13691940 and 5?
5
What is the highest common factor of 868382832 and 48?
48
Calculate the highest common divisor of 10540 and 279905510.
5270
Calculate the greatest common factor of 23029284 and 13884.
1068
What is the highest common divisor of 20262 and 266244?
66
What is the highest common divisor of 97324 and 7649163?
839
Calculate the greatest common divisor of 6786 and 104634.
18
What is the greatest common factor of 2463 and 64485445?
821
What is the highest common divisor of 202867 and 239221?
73
What is the greatest common divisor of 709254 and 6747?
39
What is the greatest common divisor of 13 and 744201913?
13
What is the greatest common divisor of 547489 and 37?
37
Calculate the highest common divisor of 279 and 15826554.
279
Calculate the highest common factor of 13849616 and 5808.
176
What is the greatest common factor of 63427092 and 456?
228
Calculate the greatest common divisor of 100405 and 86.
43
What is the highest common divisor of 1580915 and 4165?
595
What is the greatest common divisor of 64 and 5002064?
16
What is the greatest common divisor of 9660 and 345581670?
4830
Calculate the greatest common factor of 4584 and 209896203.
573
What is the highest common factor of 33452289 and 31311?
639
What is the greatest common divisor of 83936 and 861376?
1376
What is the highest common divisor of 1197926 and 98?
2
What is the highest common divisor of 6500 and 7426900?
1300
Calculate the greatest common factor of 242 and 30488898.
22
What is the highest common factor of 10 and 52766300?
10
Calculate the highest common divisor of 16 and 14200572.
4
What is the greatest common divisor of 1045649 and 73623?
253
What is the greatest common divisor of 230 and 28015265?
115
Calculate the greatest common divisor of 25167337 and 218.
109
What is the highest common factor of 53824750 and 9450?
350
Calculate the greatest common factor of 17316 and 129147057.
4329
Calculate the highest common divisor of 11219 and 9024391.
863
What is the greatest common divisor of 14521131 and 37?
37
Calculate the highest common factor of 94 and 332506858.
94
What is the greatest common divisor of 80003181 and 3092?
773
What is the greatest common factor of 26396195 and 8890?
35
What is the highest common divisor of 421219 and 185876?
1499
Calculate the highest common divisor of 116 and 159029707.
29
What is the highest common factor of 38915 and 80183?
181
Calculate the highest common divisor of 3138001 and 436.
109
Calculate the highest common divisor of 1068 and 871755.
267
Calculate the greatest common factor of 6552 and 8881704.
936
Calculate the greatest common divisor of 115588774 and 56.
14
What is the highest common divisor of 1114 and 2028782266?
1114
Calculate the highest common divisor of 65561 and 333635.
53
What is the highest common factor of 5776381 and 299?
299
Calculate the greatest common factor of 837928 and 33943.
91
Calculate the greatest common divisor of 339499083 and 1155.
231
What is the highest common divisor of 6486656 and 2112?
704
What is the highest common divisor of 116628 and 7284?
12
Calculate the greatest common factor of 4346727 and 10233069.
7161
What is the highest common divisor of 10443322 and 244?
122
What is the highest common divisor of 66215 and 82205?
205
What is the greatest common factor of 630 and 25290?
90
Calculate the greatest common factor of 2961 and 99243837.
2961
What is the highest common divisor of 27712 and 30581924?
1732
What is the highest common factor of 27176 and 3670136?
344
What is the highest common factor of 5397 and 243327343?
1799
Calculate the greatest common factor of 26634 and 11509362.
1158
Calculate the greatest common divisor of 27 and 94260123.
9
What is the highest common divisor of 13792 and 34274844?
1724
Calculate the greatest common divisor of 1772492760 and 3480.
3480
Calculate the highest common factor of 1165662 and 248.
62
What is the greatest common divisor of 2183 and 12862?
59
What is the greatest common factor of 89496 and 200349?
1017
Calculate the greatest common divisor of 361144 and 26.
2
Calculate the highest common divisor of 28297335 and 51405.
2235
Calculate the highest common divisor of 390623919 and 63.
21
What is the greatest common factor of 113007 and 7473057?
417
Calculate the highest common divisor of 8496911 and 119628.
3323
Calculate the highest common factor of 976 and 604129360.
976
What is the highest common factor of 11982 and 21318?
6
What is the greatest common divisor of 3914128 and 7328?
16
What is the highest common factor of 80818390 and 50?
10
Calculate the greatest common factor of 122 and 6947351.
61
Calculate the greatest common factor of 31803853 and 55784.
6973
What is the highest common factor of 312 and 37256112?
24
Calculate the highest common divisor of 90768 and 79322448.
2928
Calculate the greatest common divisor of 5244 and 724812.
228
Calculate the highest common divisor of 12395 and 10327045.
335
What is the greatest common factor of 37066 and 1376?
86
Calculate the greatest common factor of 1537 and 1277653.
29
What is the greatest common divisor of 5 and 1398050?
5
What is the greatest common factor of 419519139 and 67992?
8499
What is the highest common factor of 1769 and 8572574?
1769
What is the highest common divisor of 1384945 and 42205?
115
Calculate the greatest common divisor of 208891641 and 1974.
987
What is the highest common divisor of 32331247 and 2665?
533
Calculate the highest common factor of 9229688 and 312.
104
Calculate the highest common factor of 65997 and 159.
3
Calculate the highest common factor of 904662 and 4806.
54
What is the greatest common factor of 239631462 and 1554?
1554
What is the greatest common divisor of 124739913 and 111?
111
What is the greatest common factor of 1406891189 and 11?
11
What is the highest common factor of 612 and 46840644?
612
Calculate the greatest common factor of 980667 and 2592.
81
Calculate the highest common factor of 18 and 1878782.
2
Calculate the highest common divisor of 24714799 and 207004.
7393
What is the highest common factor of 216909 and 8694?
63
What is the greatest common factor of 33 and 3517503?
33
What is the greatest common factor of 23812460 and 280?
140
Calculate the highest common divisor of 4 and 6394298.
2
Calculate the greatest common factor of 620 and 28456760.
620
Calculate the highest common factor of 174 and 8012874.
174
What is the greatest common divisor of 111353 and 7885658?
583
What is the highest common divisor of 1206 and 304582?
134
Calculate the greatest common divisor of 539269062 and 118398.
16914
Calculate the highest common divisor of 680464 and 3594.
1198
What is the highest common divisor of 596301 and 4407?
339
What is the greatest common divisor of 120 and 109689?
3
What is the highest common divisor of 691617258 and 135?
27
What is the highest common factor of 36698599 and 686?
343
What is the greatest common factor of 35176691 and 11?
11
What is the greatest common divisor of 8573980 and 2480?
620
What is the greatest common factor of 1084375 an